eatest common divisor of 15 and l?
5
Let s(m) = 5*m + 122. Let a be s(-20). Suppose 34*g - a*g = 6396. What is the highest common divisor of 39 and g?
13
Let z be ((-162162)/1701)/((-4)/114). What is the greatest common divisor of z and 3553?
209
Suppose 8*h + 44 = -3*h. Let a = 124 - h. Calculate the highest common divisor of a and 32.
32
Let d(j) = -110*j - 66. Let g be d(-26). Suppose 5*i + 15*q - 12*q = g, -q - 2 = 0. Calculate the greatest common factor of 84 and i.
28
Suppose 28*n = 47*n - 1501. What is the highest common divisor of n and 3239?
79
Let o(v) = -448*v - 2598. Let z be o(-6). What is the highest common factor of 576 and z?
18
Let a be 1 - ((-2772)/105 + 6/(-10)). Calculate the greatest common divisor of 1078 and a.
14
Let t(m) = -31 + 5*m - 78 + 41. Let o be t(17). Calculate the highest common factor of o and 68.
17
Suppose -5*l - 1311 = -2*k, -10*k - 3234 = -15*k - 2*l. Calculate the highest common factor of k and 6723.
81
Suppose -3*h + 5*h = 2*c + 2, -2*c + 4 = -h. Suppose 48 = 8*s - h*s. Calculate the greatest common divisor of s and 384.
24
Suppose 31507*a - 31542*a + 8540 = 0. Suppose 3*y - 5*n = 183, 39 = y + 4*n - 22. Calculate the highest common divisor of y and a.
61
Suppose -18 = -3*b - 3*u, 4*u - 5 - 9 = b. Suppose -3*w + b*x = -442, 4*w = -3*x + 410 + 151. Calculate the greatest common divisor of w and 27.
9
Suppose 3*d + 6*d + 63 = 0. Let o(p) = -6*p - 33. Let h be o(d). Suppose 0 = 10*f - h*f - 12. Calculate the greatest common factor of f and 132.
12
Let h(o) = o**3 - 21*o**2 - 16*o + 354. Let j be h(21). Calculate the greatest common factor of j and 6273.
9
Suppose 2*n + 44 = h, 53*h + n + 40 = 54*h. What is the highest common divisor of h and 268?
4
Let l = 127 + -118. Suppose 0 = l*a + 10*a - 988. What is the highest common divisor of 156 and a?
52
Let d(s) = 16*s + 7036. Let g be d(-32). What is the highest common factor of 28 and g?
28
Suppose -247 = -47*w + 693. What is the greatest common factor of w and 7060?
20
Let j be (-530)/(-159)*(-99)/(-6). Calculate the greatest common divisor of j and 2915.
55
Let n(f) = 292*f - 174. Let y(t) = 299*t - 173. Let d(o) = 5*n(o) - 4*y(o). Let x be d(2). Calculate the highest common factor of 28 and x.
14
Suppose 403*c = 1052*c - 17523. Calculate the greatest common factor of c and 7578.
9
Let x = 178 - 175. Suppose -x*s = 9*p - 4*p - 464, 3*s = 4*p - 382. What is the highest common factor of 235 and p?
47
Suppose 4*g = 6345 + 4391. Calculate the greatest common divisor of 220 and g.
44
Let q = 904 - -207. Calculate the greatest common factor of q and 202.
101
Let a(n) = 6*n - 52. Let d(m) = -m + 2. Let i(q) = -a(q) + 2*d(q). Let s be i(7). Let t be (s - -34) + -1 + 6. What is the highest common divisor of 78 and t?
39
Let c(v) = v**3 + v**2 + 4*v - 5. Let o be c(-4). Suppose -p + 33 = -2*i - 56, 164 = 2*p + 3*i. Let y = o + p. Calculate the highest common factor of y and 112.
16
Let j be (2*(-2)/30 - (-5856)/180)*5. What is the highest common divisor of j and 36?
18
Let u = 11 + -7. Let i be (-2457)/(-12) + 1/u. Suppose -2*n - q - 638 + 719 = 0, 0 = -n - 4*q + 37. What is the greatest common factor of i and n?
41
Let m(y) = -4*y + 223. Let p(t) = -5*t + 224. Let u(v) = 6*m(v) - 7*p(v). Let l be u(0). Let a = -104 - l. Calculate the greatest common factor of 14 and a.
14
Let l(f) = f**2 + 3. Let g be l(0). Let i(b) = 1 + 2*b - 8*b + 10*b**2 + 0 - b**g + 7. Let w be i(9). Calculate the greatest common divisor of 5 and w.
5
Let f = -4703 + 4823. What is the greatest common divisor of 3320 and f?
40
Let q = 5350 + -5147. What is the highest common divisor of 28 and q?
7
Let t = 5417 + -5282. Calculate the highest common divisor of t and 915.
15
Let h(s) be the third derivative of s**5/5 + 17*s**4/24 - 79*s**3/6 + 2*s**2 - 153*s. Let f be h(6). Calculate the greatest common divisor of 130 and f.
65
Suppose -4*a = -5*a - c + 8, -2*c + 4 = -2*a. Let t be a/(-8) - 895/(-40). What is the greatest common divisor of t and 638?
22
Let b = 361 + -145. Let t(n) = n**2 - 3*n + 14. Let s be t(8). What is the greatest common factor of b and s?
54
Suppose -264*m + 4320 = -130*m - 125*m. Calculate the greatest common factor of m and 32.
32
Let k(g) = 38*g**3 - g**2 - 16*g + 1. Let s be k(5). Calculate the highest common divisor of s and 184.
46
Suppose 85*t = -48*t + 11305. What is the highest common divisor of 180 and t?
5
Let q be (8/(-14))/(10/(-70)). Let w be 6/9*(4 - -2) - -95. Let t = -63 + w. Calculate the highest common divisor of q and t.
4
Let b be 10236/60 + (120/(-50))/(-6). Calculate the greatest common divisor of 3439 and b.
19
Let h = -24387 - -25728. What is the highest common divisor of 171 and h?
9
Suppose 4*p = -4*c + 24912, -4*p - 10*c + 24915 = -7*c. What is the highest common divisor of 93 and p?
93
Let z be (-16)/24*(-36)/8. Suppose 0 = -3*t + 15, z*h = 3*t - t + 86. Calculate the highest common factor of h and 3.
1
Let a be (-5 - -12)/((-27)/(-11529)). Calculate the highest common factor of a and 14.
7
Let s(i) = -i**3 + 8*i**2 - 9. Let q be s(8). Let o = -7 - q. Let r be (-2 - -12 - 4)*o. Calculate the greatest common divisor of r and 24.
12
Let c(p) = -3*p**3 - 24*p**2 + 33*p - 30. Let n be c(-10). What is the highest common divisor of 540 and n?
60
Suppose 0 = -57*w + 59*w + 690. Let x = w + 447. Calculate the highest common factor of 714 and x.
102
Let b(r) be the third derivative of 0*r + 1/15*r**5 + 0 - 17/24*r**4 + 26*r**2 - 4/3*r**3. Let i be b(8). What is the greatest common factor of i and 16?
16
Suppose 34*g - 212*g + 6827 = -27883. What is the highest common divisor of g and 135?
15
Suppose 2261624 - 743850 = 98*q - 1257684. Calculate the greatest common divisor of q and 254.
127
Let k = -68 - -223. Let h = 263 - 104. Let c = -97 + h. Calculate the highest common factor of c and k.
31
Let g be 75 + -1 + 2 + -7. Calculate the greatest common factor of g and 1679.
23
Let d(f) = 3*f + 75. Let b be d(-21). Suppose -b*l = -2938 - 5318. What is the highest common factor of l and 16?
16
Let t be (-204)/(((-2)/(-3))/(16/(-36))). Let l be 26/117 + 86/18. Suppose l*h = 35 + 50. Calculate the highest common factor of t and h.
17
Suppose 124*x - 30084 = 121436 + 30388. Calculate the highest common factor of 99 and x.
9
Suppose -2*x + 272 = 2*x. Let a = 1848 - 1678. What is the highest common divisor of a and x?
34
Let s be (17 - 14)*2/2. Suppose 0 = 5*q - b - 94, -30 = -4*q + s*q + 3*b. Calculate the highest common factor of q and 126.
18
Let t(m) = 764*m**2 - 196*m + 197. Let j be t(1). What is the highest common divisor of 405 and j?
45
Let z = -543 - -312. Let t = z - -279. What is the greatest common factor of t and 180?
12
Let o be 7 - -46 - (2/((-6)/15) + 8). Let a be 1*(2 - 3)*-30. What is the highest common factor of o and a?
10
Let s be (104/(-16))/((-2)/(-4)). Let n(p) = p**2 + 15*p + 23. Let a be n(s). Let c be (22 - (a + 5)) + 3. What is the highest common factor of c and 23?
23
Let w be (-14 - (-1330)/57)*330. What is the highest common divisor of 392 and w?
56
Suppose -4*n = 14*n - 882. Suppose -n*q + 46748 = -23*q. Calculate the highest common factor of 62 and q.
62
Suppose -2*u = 12*u + 5*u - 160284. Calculate the greatest common divisor of u and 57.
57
Let x = -12643 - -12657. Suppose 142 = 4*d - 2*d. Suppose 0 = -2*h + 267 - d. Calculate the greatest common factor of x and h.
14
Suppose -82 + 3729 = 114*x - 1369. Calculate the greatest common divisor of x and 3212.
44
Let j be ((-8)/12)/(5 - (-5)/(35100/(-35106))). What is the greatest common divisor of 3 and j?
3
Let o(a) = -12*a + 27. Let j = -169 + 171. Let l be o(j). What is the highest common factor of l and 7?
1
Let m be -2*(-18)/36*1162. Calculate the highest common divisor of 166 and m.
166
Let u be (-141 - -1)/(-4) - (-11 - -20). Calculate the highest common divisor of 2106 and u.
26
Let s(o) = o**3 - 3*o**2 + 1. Let m be s(5). Suppose -1185*n + 440 = -1177*n. Suppose m*x - n*x = -60. Calculate the highest common factor of 75 and x.
15
Let t = -9754 - -16125. Calculate the greatest common divisor of t and 23.
23
Suppose -113 = -2*g + 5*q, 0 = -2*g + 2*q + 73 + 25. Suppose -4*p - d + 1416 = 1404, -4 = 4*p + 5*d. Calculate the greatest common factor of p and g.
4
Suppose -4*f = u